4615 prime?
False
Is 2247389 a composite number?
False
Is 2292974 composite?
True
Is 4747603 prime?
False
Is 24417923 prime?
True
Is 174404833 a prime number?
True
Is 145801 a composite number?
True
Is 36425281 a prime number?
True
Is 28663603 composite?
False
Is 98357 composite?
True
Is 32124233 a prime number?
True
Is 2060843 prime?
True
Is 11197189 composite?
False
Is 20018359 prime?
False
Is 58251191 composite?
False
Is 26819201 composite?
True
Is 112315153 a composite number?
False
Is 10313879 a composite number?
True
Is 569033 a prime number?
False
Is 13398379 prime?
True
Is 84144751 prime?
False
Is 47436397 prime?
True
Is 44340493 a prime number?
True
Is 597041 composite?
True
Is 106469719 prime?
True
Is 123495637 composite?
False
Is 21791019 a prime number?
False
Is 19455913 a prime number?
True
Is 31008941 a prime number?
True
Is 5274629 a composite number?
False
Is 24372031 a composite number?
False
Is 236282947 prime?
True
Is 1087897 composite?
False
Is 2261177 composite?
False
Is 7274053 composite?
False
Is 298172617 composite?
True
Is 16044839 prime?
True
Is 7914383 a composite number?
False
Is 4518091 composite?
True
Is 59127841 composite?
False
Is 793571 prime?
False
Is 422509 prime?
False
Is 35612737 prime?
False
Is 3807359 prime?
True
Is 180969379 a prime number?
True
Is 26497379 a composite number?
False
Is 191945617 composite?
True
Is 5459281 composite?
False
Is 123539513 a composite number?
False
Is 3540854 a composite number?
True
Is 51209371 a composite number?
False
Is 35779537 composite?
True
Is 11475811 composite?
False
Is 1637029 prime?
True
Is 2165599 composite?
False
Is 32187081 composite?
True
Is 260420107 prime?
True
Is 35752721 a composite number?
False
Is 438497 a prime number?
False
Is 205215317 a prime number?
True
Is 6499063 prime?
False
Is 270899 a prime number?
True
Is 455137 a composite number?
True
Is 4372651 a prime number?
True
Is 33555083 a prime number?
False
Is 44742241 composite?
True
Is 411919 a composite number?
False
Is 19895177 a composite number?
False
Is 171517 a composite number?
False
Is 46364543 composite?
False
Is 947119 composite?
False
Is 4728863 prime?
False
Is 148962053 composite?
True
Is 85555273 a composite number?
False
Is 24191449 a composite number?
True
Is 305921723 prime?
True
Is 17087047 a composite number?
False
Is 114218257 composite?
True
Is 10590661 a prime number?
False
Is 4535257 prime?
False
Is 584747 a composite number?
True
Is 47902549 a composite number?
True
Is 108886543 composite?
False
Is 2626121 a composite number?
False
Is 3315751 a composite number?
True
Is 9553 a composite number?
True
Is 1637239 a prime number?
True
Is 13843 composite?
True
Is 14045727 prime?
False
Is 3770587 prime?
False
Is 195900685 a prime number?
False
Is 144398473 composite?
False
Is 3512081 composite?
True
Is 58093781 a prime number?
True
Is 4941485 prime?
False
Is 10169645 prime?
False
Is 23653163 composite?
False
Is 24563755 a prime number?
False
Is 12126403 prime?
True
Is 2795189 prime?
True
Is 5907653 composite?
True
Is 7269029 composite?
True
Is 16361743 composite?
False
Is 445871 a composite number?
False
Is 20759637 prime?
False
Is 572219 prime?
False
Is 6090449 a prime number?
True
Is 18371033 a prime number?
False
Is 19059103 a composite number?
True
Is 1128395647 a prime number?
True
Is 4005073 composite?
True
Is 11950901 a composite number?
False
Is 56276789 a composite number?
False
Is 8289313 composite?
False
Is 243277193 prime?
True
Is 2093783 prime?
True
Is 76084187 a prime number?
True
Is 11711093 composite?
True
Is 38885807 prime?
True
Is 288377 a prime number?
False
Is 35005706 composite?
True
Is 23900847 a prime number?
False
Is 53911619 a composite number?
False
Is 3913627 a composite number?
False
Is 8367019 prime?
False
Is 730993 composite?
False
Is 9772187 prime?
True
Is 283512607 composite?
True
Is 913571 a prime number?
True
Is 3238007 prime?
False
Is 184823 a prime number?
True
Is 60615053 composite?
False
Is 64380187 a composite number?
False
Is 108130517 prime?
False
Is 130852879 composite?
True
Is 9647447 prime?
True
Is 1437097 a composite number?
False
Is 14631337 a composite number?
True
Is 3086926 composite?
True
Is 3810007 a composite number?
True
Is 43869779 prime?
False
Is 21360871 a composite number?
True
Is 6540827 a prime number?
True
Is 22207 a composite number?
True
Is 692381 composite?
True
Is 50607561 a prime number?
False
Is 4257733 a composite number?
False
Is 7445569 a composite number?
False
Is 36349 prime?
False
Is 30413557 composite?
False
Is 236546317 prime?
False
Is 39722813 composite?
True
Is 122709283 a composite number?
False
Is 202702223 prime?
True
Is 175985221 a composite number?
False
Is 1382482 a composite number?
True
Is 7592531 prime?
False
Is 20291671 composite?
False
Is 760417699 prime?
True
Is 38003473 a composite number?
False
Is 1506749 a prime number?
True
Is 1070876957 a composite number?
True
Is 85348481 a prime number?
True
Is 5246809 a prime number?
True
Is 4918413 composite?
True
Is 24468953 composite?
True
Is 10141709 a prime number?
False
Is 1679194877 composite?
False
Is 846883 a composite number?
True
Is 3303491 a composite number?
True
Is 34645427 composite?
False
Is 74571017 a prime number?
True
Is 2487883 prime?
True
Is 929941 a composite number?
False
Is 15884939 composite?
True
Is 95838313 composite?
False
Is 415440521 a prime number?
False
Is 22746439 prime?
False
Is 99081767 a prime number?
False
Is 545298433 a prime number?
False
Is 750511 composite?
True
Is 34493747 prime?
True
Is 114390349 composite?
True
Is 5146649 a prime number?
True
Is 43483757 composite?
True
Is 39877321 prime?
False
Is 2792731 prime?
False
Is 13757977 composite?
True
Is 62889419 a composite number?
True
Is 4949881 a composite number?
False
Is 10030577 composite?
True
Is 40452247 a composite number?
True
Is 23527649 prime?
True
Is 779477 composite?
False
Is 12232001 a composite number?
False
Is 1254427 composite?
False
Is 34151218 prime?
False
Is 180613 a composite number?
True
Is 15116821 a composite number?
False
Is 72121787 prime?
True
Is 10808645 composite?
True
Is 393287 a composite number?
False
Is 1306069 a composite number?
False
Is 281611 a composite number?
True
Is 3962639 a composite number?
True
Is 174286033 a composite number?
False
Is 674131 prime?
True
Is 969389 composite?
True
Is 4309673 prime?
True
Is 1029265087 composite?
False
Is 6657977 a prime number?
False
Is 55548601 a prime number?
False
Is 398991363 composite?
True
Is 1463621 a prime number?
True
Is 125795767 prime?
False
Is 55372082 a prime number?
False
Is 1101283 a composite number?
False
Is 435103 prime?
True
Is 54885139 a composite number?
True
Is 63031081 composite?
False
Is 551631965 a prime number?
False
Is 3429961 prime?
True
Is 3924581 prime?
True
Is 130639217 a composite number?
False
Is 139681 a prime number?
True
Is 73211521 a composite number?
True
Is 2668993 a composite number?
False
Is 363149899 composite?
True
Is 26357393 prime?
True
Is 390449 composite?
False
Is 10233023 prime?
True
Is 66460061 composite?
False
Is 69799 prime?
False
Is 815083601 composite?
False
Is 10586827 composite?
True
Is 8454415 a prime number?
False
Is 11042083 composite?
True
Is 116398 composite?
True
Is 110077 prime?
False
Is 1856363 prime?
True
Is 40271305 a prime number?
False
Is 24139369 composite?
False
Is 21279221 a composite number?
True
Is 156195709 composite?
False
Is 69040481 a prime number?
True
Is 4336971 prime?
False
Is 94709 a composite number?
False
Is 149241281 prime?
False
Is 54631573 composite?
True
Is 43056857 a composite number?
False
Is 475481 a composite number?
True
Is 72873865 a composite number?
True
Is 3991789 a composite number?
True
Is 18037013 a prime number?
False
Is 9508699 composite?
False
Is 4824563 prime?
True
Is 38234777 composite?
True
Is 33937291 a composite number?
False
Is 1259279 prime?
False
Is 159715057 prime?
True
Is 4843 a prime number?
False
Is 8695138 a composite number?
True
Is 10792757 composite?
False
Is 1239869 prime?
False
Is 1670183 a composite number?
False
Is 170660813 composite?
True
Is 1553789 a composite number?
True
Is 7467203 a prime number?
False
Is 766851 composite?
True
Is 150152929 a prime number?
Tr